e greatest common factor of 212778 and 6?
6
What is the greatest common factor of 768372 and 616?
44
What is the greatest common factor of 15330 and 3255?
105
What is the highest common divisor of 355 and 282935?
355
What is the greatest common divisor of 2806 and 13664?
122
Calculate the greatest common factor of 739476 and 1336.
668
What is the greatest common divisor of 255 and 197472?
51
What is the greatest common divisor of 248 and 3503?
31
What is the highest common divisor of 4199 and 103493?
247
What is the greatest common factor of 7 and 125321?
7
Calculate the highest common factor of 263336 and 24.
8
Calculate the greatest common divisor of 658 and 3474569.
329
What is the greatest common factor of 38505 and 38958?
453
What is the highest common divisor of 64544 and 32?
32
Calculate the highest common factor of 836 and 2156.
44
Calculate the greatest common factor of 1763 and 287.
41
Calculate the highest common divisor of 470 and 367634.
94
What is the highest common factor of 1575546 and 588?
294
Calculate the greatest common divisor of 520780 and 20.
20
What is the greatest common divisor of 1213017 and 11459?
1637
Calculate the highest common divisor of 128076 and 13.
13
What is the greatest common divisor of 133 and 9899?
19
What is the greatest common factor of 2808 and 6094764?
1404
Calculate the greatest common factor of 2336 and 91396.
292
Calculate the greatest common factor of 12 and 237828.
12
What is the greatest common divisor of 3939070 and 4624?
578
Calculate the greatest common divisor of 286915 and 10.
5
What is the highest common factor of 467418 and 62?
62
What is the greatest common factor of 8897 and 36162?
287
What is the highest common divisor of 28 and 3087798?
14
What is the highest common divisor of 7 and 327257?
7
What is the greatest common divisor of 5835 and 510?
15
Calculate the greatest common factor of 246 and 1668.
6
What is the highest common factor of 738 and 16482?
246
Calculate the highest common factor of 64218 and 2310.
462
What is the highest common factor of 135 and 1186?
1
What is the highest common divisor of 357 and 2029426?
119
What is the greatest common divisor of 2173126 and 1112?
278
Calculate the greatest common factor of 118870 and 30.
10
What is the greatest common factor of 1001 and 13552?
77
Calculate the highest common divisor of 8 and 1596888.
8
Calculate the highest common divisor of 56 and 368396.
28
Calculate the greatest common factor of 1460 and 21535.
365
Calculate the greatest common divisor of 923 and 8892.
13
Calculate the greatest common divisor of 14 and 81690.
14
Calculate the greatest common factor of 4662 and 15750.
126
What is the highest common factor of 288896 and 768?
128
What is the greatest common factor of 10609 and 515?
103
Calculate the greatest common divisor of 380974 and 22.
22
What is the greatest common divisor of 885 and 3776?
59
Calculate the highest common factor of 26196 and 121952.
148
What is the greatest common factor of 44948 and 4182?
34
What is the greatest common divisor of 40 and 6616?
8
Calculate the greatest common divisor of 12 and 71607.
3
Calculate the greatest common divisor of 67005 and 18.
9
Calculate the highest common factor of 362 and 64798.
362
Calculate the highest common divisor of 12789 and 24.
3
What is the greatest common factor of 17 and 12937?
17
What is the greatest common factor of 3322059 and 13?
13
Calculate the highest common factor of 24 and 110384.
8
Calculate the highest common divisor of 51708 and 1860.
372
Calculate the greatest common divisor of 30096 and 2178.
198
Calculate the highest common divisor of 313635 and 87.
87
What is the highest common factor of 3237 and 741?
39
Calculate the highest common factor of 276325 and 175.
175
What is the greatest common factor of 34770 and 3135?
285
Calculate the greatest common factor of 1017 and 1233.
9
Calculate the highest common divisor of 29178 and 6.
6
Calculate the highest common divisor of 44197 and 458.
229
What is the greatest common divisor of 51 and 1321053?
51
Calculate the highest common factor of 69 and 327.
3
What is the highest common divisor of 68 and 71570?
34
What is the greatest common divisor of 60 and 866820?
60
What is the greatest common divisor of 22480 and 90?
10
What is the greatest common factor of 3963 and 141?
3
What is the greatest common factor of 20048 and 938?
14
Calculate the highest common factor of 11520 and 5680.
80
Calculate the greatest common factor of 277 and 1204673.
277
What is the greatest common factor of 1350 and 34550?
50
Calculate the greatest common factor of 122989 and 1073.
29
Calculate the greatest common factor of 1799 and 395266.
257
Calculate the greatest common divisor of 5284 and 128.
4
What is the greatest common factor of 16352 and 8078?
14
What is the greatest common factor of 447157 and 688?
43
Calculate the highest common divisor of 903 and 924.
21
Calculate the greatest common factor of 1432 and 41.
1
What is the greatest common factor of 8 and 20148?
4
What is the greatest common factor of 1066 and 41902?
82
What is the highest common factor of 2629 and 243063?
239
Calculate the greatest common divisor of 35 and 16015.
5
What is the highest common divisor of 51366 and 3318?
42
What is the highest common divisor of 10643 and 551?
29
Calculate the greatest common divisor of 1388660 and 182.
182
What is the highest common divisor of 104696 and 1656?
184
Calculate the greatest common factor of 86138 and 26.
26
Calculate the highest common divisor of 16 and 4304.
16
What is the greatest common divisor of 6450 and 2364?
6
What is the greatest common factor of 658 and 58374?
94
What is the highest common divisor of 820 and 500?
20
What is the greatest common factor of 1576036 and 86?
86
What is the greatest common divisor of 4361 and 2401?
49
Calculate the greatest common factor of 8708 and 112.
28
What is the greatest common factor of 2703 and 31875?
51
Calculate the greatest common factor of 246 and 1564314.
246
Calculate the greatest common divisor of 157570 and 5.
5
What is the greatest common divisor of 94375 and 1875?
625
What is the greatest common factor of 10004 and 220744?
164
What is the highest common factor of 88 and 615868?
44
Calculate the highest common divisor of 5060 and 816500.
460
What is the highest common divisor of 114 and 36651?
57
Calculate the greatest common factor of 645462 and 12.
6
Calculate the greatest common divisor of 138876 and 24.
12
Calculate the highest common factor of 832 and 442.
26
What is the highest common divisor of 2020 and 36?
4
Calculate the highest common factor of 186 and 25017.
93
Calculate the greatest common factor of 47745 and 7605.
45
Calculate the greatest common divisor of 33 and 139623.
33
Calculate the greatest common factor of 432 and 328.
8
What is the highest common factor of 651 and 78337?
217
Calculate the highest common factor of 153 and 4029.
51
Calculate the greatest common divisor of 703818 and 9.
9
Calculate the greatest common factor of 336584 and 8.
8
Calculate the greatest common divisor of 84280 and 1420.
20
What is the greatest common divisor of 9719545 and 71?
71
What is the greatest common divisor of 14993 and 24816?
517
Calculate the highest common factor of 148 and 2313092.
148
What is the greatest common factor of 805617 and 9?
9
Calculate the highest common divisor of 2805 and 209.
11
What is the highest common divisor of 102 and 1827483?
51
What is the highest common divisor of 200 and 29650?
50
What is the highest common divisor of 96 and 16964?
4
Calculate the highest common divisor of 6892 and 324.
4
Calculate the highest common divisor of 344 and 16297.
43
Calculate the greatest common divisor of 39396 and 24.
12
Calculate the greatest common divisor of 648 and 396.
36
Calculate the greatest common divisor of 2330 and 16776.
466
What is the highest common factor of 2842 and 48198?
58
Calculate the highest common factor of 16 and 15468.
4
Calculate the greatest common factor of 7763 and 1638.
7
What is the highest common divisor of 33354 and 10464?
654
Calculate the highest common divisor of 428 and 142952.
428
Calculate the highest common factor of 2300 and 8556.
92
What is the highest common factor of 69472 and 104?
1